{"id":35,"date":"2019-08-18T06:38:59","date_gmt":"2019-08-18T06:38:59","guid":{"rendered":"http:\/\/spotcam4you.com\/?page_id=35"},"modified":"2019-08-18T12:27:20","modified_gmt":"2019-08-18T12:27:20","slug":"impressum","status":"publish","type":"page","link":"https:\/\/spotcam4you.com\/?page_id=35","title":{"rendered":"Impressum"},"content":{"rendered":"\n<p>Impressum und Hinweise zu Cookies bzw. Dart-Cookies<\/p>\n\n\n\n<p>Dies ist eine rein Private Webseite, da ich aber Werbung schalte ist diese Information erforderlich.<\/p>\n\n\n\n<p>Autor der Seite : R.Gr\u00fcnwald<br>Copyright : R.Gr\u00fcnwald\/&nbsp;spotcam4you.com<br>Alle Bilder dieser Seite unterliegen dem Copyright, und d\u00fcrfen nur mit ausdr\u00fccklicher Genehmigung verwendet werden.<br>Tel.: 0031492 754724<br>email: r.grunwald(at)tele2.nl<br><\/p>\n\n\n\n<p>F\u00fcr Vollst\u00e4ndigkeit, Fehler redaktioneller und technischer Art, Auslassungen usw. sowie die Richtigkeit der Eintragungen kann keine Haftung \u00fcbernommen werden.<br>Insbesondere kann keine Gew\u00e4hr f\u00fcr die Vollst\u00e4ndigkeit und Richtigkeit von Informationen \u00fcbernommen werden, die \u00fcber weiterf\u00fchrende Links erreicht werden.<br>Anbieter sind f\u00fcr die eigenen Inhalte, die sie zur Nutzung bereithalten, nach den allgemeinen Gesetzen verantwortlich. Von diesen eigenen Inhalten sind Querverweise auf die von anderen Anbietern bereitgehaltenen Inhalte zu unterscheiden.<br>Die Verweise durch Hyperlinks auf Inhalte fremder Webseiten dienen lediglich der Information.<br>Die Verantwortlichkeit f\u00fcr diese fremden Inhalte liegt alleine bei dem Anbieter, der die Inhalte bereith\u00e4lt. Vor dem Einrichten des entsprechenden Verweises sind die Web-Seiten der anderen Anbieter mit gro\u00dfer Sorgfalt und nach bestem Wissen und Gewissen \u00fcberpr\u00fcft worden. Es kann jedoch keine Gew\u00e4hr f\u00fcr die Vollst\u00e4ndigkeit und Richtigkeit von Informationen \u00fcbernommen werden, die \u00fcber weiterf\u00fchrende Hyperlinks erreicht werden. Der Inhalt der anderen Web-Seiten kann jederzeit ohne Wissen der Redaktiion ge\u00e4ndert werden.<br>F\u00fcr s\u00e4mtliche Links auf diesen Seiten gilt: Wir betonen, dass wir keinen Einfluss auf die Gestaltung und die Inhalte der durch Link von unserer Homepage aus erreichbaren Seiten anderer Anbieter haben und uns deren Inhalt nicht zu eigen machen. Diese Erkl\u00e4rung gilt f\u00fcr alle Seiten dieser Homepage und die dort angebrachten Links.<br>Falls internet-erlaubnis.de auf Seiten verweist, deren Inhalt Anlass zur Beanstandung gibt, bittet die Internet-Redaktion um Mitteilung.<br>Die Internet-Redaktion von internet-erlaubnis.de beh\u00e4lt sich das Recht vor, ohne vorherige Ank\u00fcndigung die bereitgestellten Informationen zu \u00e4ndern, zu erg\u00e4nzen oder zu entfernen.<\/p>\n\n\n\n<p><strong>Cookies oder Dart-Cookies<\/strong><br>Als Drittanbieter verwendet Google\u00a9 Cookies zur Anzeigenschaltung auf Ihrer Website. Die Verwendung des&nbsp;DART-Cookies erm\u00f6glicht Google und seinen Partner-Websites die Schaltung von Anzeigen auf Basis der Besuche von Nutzern auf Ihren Websites und anderen Websites im Internet. Nutzer k\u00f6nnen die Verwendung des&nbsp;DART-Cookies deaktivieren, indem sie die Datenschutzbestimmungen f\u00fcr Anzeigen und das Content-Werbenetzwerk von Google aufrufen<br>Wir greifen auf Drittanbieter zur\u00fcck, um Anzeigen zu schalten, wenn Sie unsere Website besuchen. Diese Unternehmen nutzen m\u00f6glicherweise Informationen zu Ihren Besuchen dieser und anderer Websites, jedoch nicht Ihren Namen, Ihre Adresse, E-Mail-Adresse oder Telefonnummer, zur Schaltung von Anzeigen zu Produkten und Diensten, die Sie m\u00f6glicherweise interessieren. Falls Sie mehr \u00fcber diese Methoden erfahren m\u00f6chten oder wissen wollen, welche M\u00f6glichkeiten Sie haben, die Verwendung dieser Informationen durch die Unternehmen zu verhindern, klicken Sie hier&nbsp;<a href=\"http:\/\/www.google.com\/privacy\">www.google.com\/privacy<\/a><\/p>\n\n\n\n<p><\/p>\n\n\n\n<p><\/p>\n","protected":false},"excerpt":{"rendered":"<p>Impressum und Hinweise zu Cookies bzw. Dart-Cookies Dies ist eine rein Private Webseite, da ich<\/p>\n","protected":false},"author":1,"featured_media":0,"parent":31,"menu_order":0,"comment_status":"closed","ping_status":"closed","template":"","meta":{"footnotes":""},"class_list":["post-35","page","type-page","status-publish","hentry"],"_links":{"self":[{"href":"https:\/\/spotcam4you.com\/index.php?rest_route=\/wp\/v2\/pages\/35","targetHints":{"allow":["GET"]}}],"collection":[{"href":"https:\/\/spotcam4you.com\/index.php?rest_route=\/wp\/v2\/pages"}],"about":[{"href":"https:\/\/spotcam4you.com\/index.php?rest_route=\/wp\/v2\/types\/page"}],"author":[{"embeddable":true,"href":"https:\/\/spotcam4you.com\/index.php?rest_route=\/wp\/v2\/users\/1"}],"replies":[{"embeddable":true,"href":"https:\/\/spotcam4you.com\/index.php?rest_route=%2Fwp%2Fv2%2Fcomments&post=35"}],"version-history":[{"count":4,"href":"https:\/\/spotcam4you.com\/index.php?rest_route=\/wp\/v2\/pages\/35\/revisions"}],"predecessor-version":[{"id":120,"href":"https:\/\/spotcam4you.com\/index.php?rest_route=\/wp\/v2\/pages\/35\/revisions\/120"}],"up":[{"embeddable":true,"href":"https:\/\/spotcam4you.com\/index.php?rest_route=\/wp\/v2\/pages\/31"}],"wp:attachment":[{"href":"https:\/\/spotcam4you.com\/index.php?rest_route=%2Fwp%2Fv2%2Fmedia&parent=35"}],"curies":[{"name":"wp","href":"https:\/\/api.w.org\/{rel}","templated":true}]}}