{"id":185,"date":"2019-10-20T11:01:06","date_gmt":"2019-10-20T11:01:06","guid":{"rendered":"http:\/\/spotcam4you.com\/?page_id=185"},"modified":"2019-11-03T16:43:19","modified_gmt":"2019-11-03T16:43:19","slug":"bootstouren","status":"publish","type":"page","link":"https:\/\/spotcam4you.com\/?page_id=185","title":{"rendered":"Bootstouren"},"content":{"rendered":"\n<p>Bootstouren sind auch hier f\u00fcr Jedermann m\u00f6glich,ob mit eigenem Boot, oder mit einem gemietetem, das mag jeder f\u00fcr sich entscheiden, M\u00f6glichkeiten gibt es viele, und die Fahrgebiete sind sicher reichlich vorhanden.<\/p>\n\n\n\n<figure class=\"wp-block-embed-youtube wp-block-embed is-type-video is-provider-youtube wp-embed-aspect-16-9 wp-has-aspect-ratio\"><div class=\"wp-block-embed__wrapper\">\n<iframe loading=\"lazy\" title=\"Sneek NL ,City Ansichten , Urlaub in Friesland, Bootstour\" width=\"640\" height=\"360\" src=\"https:\/\/www.youtube.com\/embed\/-LD5WT6wcas?feature=oembed\" frameborder=\"0\" allow=\"accelerometer; autoplay; clipboard-write; encrypted-media; gyroscope; picture-in-picture; web-share\" referrerpolicy=\"strict-origin-when-cross-origin\" allowfullscreen><\/iframe>\n<\/div><\/figure>\n\n\n\n<p>Hier zum Beispiel eine Bootstour durch die friesische Gegend um Sneek und die angrenzenden Seen, und das mit einer traditionellen Tjalk, komplett restauriert, als Mietboot, das Boot bietet ausreichend Platz, und ein Erlebnis ist es auf jeden Fall. Wer Informationen zum Fahrgebiet ben\u00f6tigt , da gibt es hier hier <a href=\"https:\/\/amzn.to\/36uzRAV\">https:\/\/amzn.to\/36uzRAV<\/a>  reichlich Lekt\u00fcre. Was mann auf jeden Fall immer mitf\u00fchren sollte ist der Niederl\u00e4ndische Wasser Almanach  ,den kann mann hier bestellen <a href=\"https:\/\/amzn.to\/2WC7Xyk\">https:\/\/amzn.to\/2WC7Xyk<\/a> darin sind nochmal die Regeln beschrieben, und nat\u00fcrlich auch Besonderheiten, f\u00fcr die \u00dcbersetzung sollte mann dann eventuell den Translator benutzen, zur Vorbereitung recht sinnvoll.<\/p>\n\n\n\n<p> <\/p>\n\n\n\n<figure class=\"wp-block-embed-youtube wp-block-embed is-type-video is-provider-youtube wp-embed-aspect-16-9 wp-has-aspect-ratio\"><div class=\"wp-block-embed__wrapper\">\n<iframe loading=\"lazy\" title=\"vom Sneekermeer nach Sneek, Urlaub auf dem Boot, Niederlande, Holland\" width=\"640\" height=\"360\" src=\"https:\/\/www.youtube.com\/embed\/GLOPKNix99o?feature=oembed\" frameborder=\"0\" allow=\"accelerometer; autoplay; clipboard-write; encrypted-media; gyroscope; picture-in-picture; web-share\" referrerpolicy=\"strict-origin-when-cross-origin\" allowfullscreen><\/iframe>\n<\/div><\/figure>\n\n\n\n<p>Auch au\u00dferhalb der Sommersaison ist das Angebot gro\u00df, mann kann auch wie hier einfach die Gegend erkunden, und wo es einem gef\u00e4llt, verweilen bis mann weiter m\u00f6chte, es gibt beinahe \u00fcberall die M\u00f6glichkeit mit dem Boot zu liegen, oft auch mitten in der Stadt, daf\u00fcr gibts dann sogar Parkuhren f\u00fcr Boote.<\/p>\n\n\n\n<figure class=\"wp-block-embed-youtube wp-block-embed is-type-video is-provider-youtube wp-embed-aspect-16-9 wp-has-aspect-ratio\"><div class=\"wp-block-embed__wrapper\">\n<iframe loading=\"lazy\" title=\"Sneekermeer Friesland Niederlande, Urlaub auf dem Wasser\" width=\"640\" height=\"360\" src=\"https:\/\/www.youtube.com\/embed\/9idQHoHIQuA?start=636&#038;feature=oembed\" frameborder=\"0\" allow=\"accelerometer; autoplay; clipboard-write; encrypted-media; gyroscope; picture-in-picture; web-share\" referrerpolicy=\"strict-origin-when-cross-origin\" allowfullscreen><\/iframe>\n<\/div><\/figure>\n\n\n\n\n\n<p><\/p>\n","protected":false},"excerpt":{"rendered":"<p>Bootstouren sind auch hier f\u00fcr Jedermann m\u00f6glich,ob mit eigenem Boot, oder mit einem gemietetem, das<\/p>\n","protected":false},"author":1,"featured_media":0,"parent":86,"menu_order":0,"comment_status":"closed","ping_status":"closed","template":"","meta":{"footnotes":""},"class_list":["post-185","page","type-page","status-publish","hentry"],"_links":{"self":[{"href":"https:\/\/spotcam4you.com\/index.php?rest_route=\/wp\/v2\/pages\/185","targetHints":{"allow":["GET"]}}],"collection":[{"href":"https:\/\/spotcam4you.com\/index.php?rest_route=\/wp\/v2\/pages"}],"about":[{"href":"https:\/\/spotcam4you.com\/index.php?rest_route=\/wp\/v2\/types\/page"}],"author":[{"embeddable":true,"href":"https:\/\/spotcam4you.com\/index.php?rest_route=\/wp\/v2\/users\/1"}],"replies":[{"embeddable":true,"href":"https:\/\/spotcam4you.com\/index.php?rest_route=%2Fwp%2Fv2%2Fcomments&post=185"}],"version-history":[{"count":3,"href":"https:\/\/spotcam4you.com\/index.php?rest_route=\/wp\/v2\/pages\/185\/revisions"}],"predecessor-version":[{"id":201,"href":"https:\/\/spotcam4you.com\/index.php?rest_route=\/wp\/v2\/pages\/185\/revisions\/201"}],"up":[{"embeddable":true,"href":"https:\/\/spotcam4you.com\/index.php?rest_route=\/wp\/v2\/pages\/86"}],"wp:attachment":[{"href":"https:\/\/spotcam4you.com\/index.php?rest_route=%2Fwp%2Fv2%2Fmedia&parent=185"}],"curies":[{"name":"wp","href":"https:\/\/api.w.org\/{rel}","templated":true}]}}